 when 70281 is divided by 242.
101
Calculate the remainder when 1694262 is divided by 1144.
1142
What is the remainder when 309723 is divided by 28?
15
What is the remainder when 4916 is divided by 4809?
107
What is the remainder when 32055 is divided by 98?
9
Calculate the remainder when 129654 is divided by 25929.
9
Calculate the remainder when 14846 is divided by 291.
5
What is the remainder when 3041147 is divided by 44?
43
What is the remainder when 216176 is divided by 9825?
26
Calculate the remainder when 512363 is divided by 3558.
11
What is the remainder when 3199 is divided by 3169?
30
What is the remainder when 4911 is divided by 4899?
12
What is the remainder when 6620 is divided by 3142?
336
Calculate the remainder when 359405 is divided by 246.
245
What is the remainder when 1918 is divided by 629?
31
What is the remainder when 3066 is divided by 100?
66
What is the remainder when 95741 is divided by 39?
35
Calculate the remainder when 17292 is divided by 49.
44
What is the remainder when 312312 is divided by 7?
0
Calculate the remainder when 781633 is divided by 217.
216
What is the remainder when 37694 is divided by 3136?
62
Calculate the remainder when 255259 is divided by 851.
810
What is the remainder when 1877 is divided by 464?
21
What is the remainder when 1819668 is divided by 31?
30
Calculate the remainder when 643 is divided by 343.
300
Calculate the remainder when 1457417 is divided by 144.
137
What is the remainder when 328 is divided by 55?
53
What is the remainder when 16344 is divided by 2721?
18
What is the remainder when 23750 is divided by 1584?
1574
What is the remainder when 5792 is divided by 277?
252
What is the remainder when 1644238 is divided by 124?
122
Calculate the remainder when 36554 is divided by 36395.
159
What is the remainder when 17769 is divided by 776?
697
Calculate the remainder when 2036174 is divided by 11.
8
What is the remainder when 15131 is divided by 26?
25
What is the remainder when 1477 is divided by 691?
95
Calculate the remainder when 81465 is divided by 7.
6
What is the remainder when 1196375 is divided by 158?
157
What is the remainder when 5555094 is divided by 421?
420
Calculate the remainder when 35966 is divided by 4491.
38
What is the remainder when 360733 is divided by 209?
208
What is the remainder when 8690 is divided by 856?
130
Calculate the remainder when 11300 is divided by 136.
12
What is the remainder when 157890 is divided by 348?
246
Calculate the remainder when 921500 is divided by 307164.
8
Calculate the remainder when 7507 is divided by 259.
255
Calculate the remainder when 29163 is divided by 7285.
23
Calculate the remainder when 6985 is divided by 369.
343
Calculate the remainder when 125132 is divided by 37.
35
Calculate the remainder when 2524 is divided by 17.
8
What is the remainder when 40796 is divided by 15?
11
What is the remainder when 217758 is divided by 16749?
21
What is the remainder when 283 is divided by 148?
135
Calculate the remainder when 11709 is divided by 196.
145
Calculate the remainder when 10185 is divided by 91.
84
What is the remainder when 16395 is divided by 401?
355
What is the remainder when 120155 is divided by 23?
3
What is the remainder when 69486 is divided by 34738?
10
What is the remainder when 159703 is divided by 1613?
16
What is the remainder when 9795 is divided by 96?
3
What is the remainder when 86416 is divided by 144?
16
What is the remainder when 13353 is divided by 6629?
95
What is the remainder when 3612 is divided by 22?
4
Calculate the remainder when 89573 is divided by 1445.
1428
Calculate the remainder when 2091 is divided by 11.
1
Calculate the remainder when 1620 is divided by 46.
10
What is the remainder when 50931 is divided by 128?
115
Calculate the remainder when 221216 is divided by 105.
86
Calculate the remainder when 3680 is divided by 61.
20
Calculate the remainder when 1118142 is divided by 463.
460
What is the remainder when 48782 is divided by 7?
6
Calculate the remainder when 13430 is divided by 14.
4
What is the remainder when 5061 is divided by 387?
30
What is the remainder when 819 is divided by 78?
39
What is the remainder when 289 is divided by 15?
4
Calculate the remainder when 13941 is divided by 465.
456
Calculate the remainder when 11607 is divided by 726.
717
What is the remainder when 3699 is divided by 3601?
98
What is the remainder when 34239 is divided by 26?
23
Calculate the remainder when 4754237 is divided by 415.
412
What is the remainder when 10223 is divided by 568?
567
What is the remainder when 78586 is divided by 222?
220
Calculate the remainder when 5639 is divided by 6.
5
What is the remainder when 996 is divided by 129?
93
Calculate the remainder when 46536 is divided by 5169.
15
What is the remainder when 32029 is divided by 311?
307
What is the remainder when 30267 is divided by 340?
7
What is the remainder when 38249 is divided by 4779?
17
What is the remainder when 236906 is divided by 33?
32
Calculate the remainder when 1557 is divided by 518.
3
What is the remainder when 33897 is divided by 33881?
16
Calculate the remainder when 25035 is divided by 18.
15
What is the remainder when 57764 is divided by 7214?
52
What is the remainder when 121837 is divided by 2?
1
What is the remainder when 22305 is divided by 67?
61
Calculate the remainder when 7289 is divided by 360.
89
What is the remainder when 2631 is divided by 173?
36
Calculate the remainder when 1562 is divided by 338.
210
Calculate the remainder when 1601 is divided by 314.
31
Calculate the remainder when 64831 is divided by 310.
41
What is the remainder when 30276 is divided by 7567?
8
What is the remainder when 20994 is divided by 170?
84
Calculate the remainder when 18301 is divided by 632.
605
Calculate the remainder when 1888 is divided by 158.
150
Calculate the remainder when 22388 is divided by 23.
9
What is the remainder when 8208 is divided by 108?
0
Calculate the remainder when 8805 is divided by 338.
17
Calculate the remainder when 1090242 is divided by 65.
62
What is the remainder when 226039 is divided by 108?
103
Calculate the remainder when 4502 is divided by 2472.
2030
Calculate the remainder when 13603 is divided by 1359.
13
Calculate the remainder when 3751 is divided by 528.
55
What is the remainder when 254452 is divided by 10178?
2
What is the remainder when 3321 is divided by 1093?
42
Calculate the remainder when 320480 is divided by 160235.
10
What is the remainder when 23575 is divided by 204?
115
What is the remainder when 316864 is divided by 499?
498
What is the remainder when 5814 is divided by 48?
6
Calculate the remainder when 5472 is divided by 1179.
756
Calculate the remainder when 65790 is divided by 2530.
10
Calculate the remainder when 38740 is divided by 3225.
40
Calculate the remainder when 57983 is divided by 128.
127
Calculate the remainder when 5621 is divided by 235.
216
Calculate the remainder when 2022 is divided by 554.
360
Calculate the remainder when 39130 is divided by 13042.
4
Calculate the remainder when 65912 is divided by 85.
37
Calculate the remainder when 8710 is divided by 1905.
1090
Calculate the remainder when 2592 is divided by 265.
207
What is the remainder when 3389813 is divided by 55?
53
Calculate the remainder when 1082 is divided by 62.
28
Calculate the remainder when 53641 is divided by 2438.
5
Calculate the remainder when 1406 is divided by 135.
56
Calculate the remainder when 1764 is divided by 57.
54
What is the remainder when 33484 is divided by 107?
100
Calculate the remainder when 18794 is divided by 6165.
299
Calculate the remainder when 1192174 is divided by 68.
66
Calculate the remainder when 5757127 is divided by 52.
51
What is the remainder when 908 is divided by 515?
393
Calculate the remainder when 3883 is divided by 143.
22
Calculate the remainder when 6343 is divided by 868.
267
Calculate the remainder when 1489 is divided by 313.
237
What is the remainder when 925 is divided by 871?
54
Calculate the remainder when 31041 is divided by 61.
53
Calculate the remainder when 81404 is divided by 27107.
83
Calculate the remainder when 1839 is divided by 154.
145
What is the remainder when 4567 is divided by 382?
365
Calculate the 